t is the remainder when s(-3) is divided by 15?
14
Suppose 3*p = 2*p + 2. Let h(d) = d**3 - d - 2. Calculate the remainder when 14 is divided by h(p).
2
Let q = -58 - -116. What is the remainder when q is divided by 22?
14
Let o = -5 - -3. Let j = -25 - -9. Calculate the remainder when 41 is divided by -8*o/(j/(-14)).
13
Let p(b) = -b**3 + 12*b**2 + 5*b - 17. Let w be p(12). Suppose -4*c - 3*i = -53, -4*c - c + 4*i + w = 0. Calculate the remainder when 53 is divided by c.
9
Let v(z) = z + 1. Suppose -14 + 42 = 4*n. Calculate the remainder when n is divided by v(1).
1
Let c(p) be the first derivative of -p**4/4 + 5*p**3/3 - 3*p**2/2 + 4*p - 1. What is the remainder when 50 is divided by c(3)?
11
Suppose -f + 2 + 23 = 0. What is the remainder when 48 is divided by f?
23
Let c(v) = v**2 - 2*v - 10. Let q = -9 + 21. What is the remainder when q is divided by c(5)?
2
Let b(c) = 3*c - 11. What is the remainder when b(10) is divided by 11?
8
Let j(w) = -w + 2. Let q be (-58)/8 - (-2)/8. Let i = 0 + q. What is the remainder when 17 is divided by j(i)?
8
Suppose -4*v = 143 - 995. Suppose -j - 3*x + 66 = 0, -2*j = 2*x - v + 89. Calculate the remainder when 19 is divided by (3/(-2))/((-18)/j).
4
Suppose -16 = 4*w - 0*w. Let s(v) = v**2 + 7*v + 4. Let n be s(w). Let p = 21 + n. What is the remainder when 37 is divided by p?
11
Let j = -115 + 158. Calculate the remainder when j is divided by 12 + 1/(-2)*2.
10
Let o = -85 - -56. Suppose 55 = 7*i - 8*i. Let a = o - i. Calculate the remainder when a is divided by 14.
12
Let j(g) = -12*g - 10. Calculate the remainder when j(-2) is divided by 5.
4
Let p(k) = k**3 - 9*k**2 + 9*k - 9. Let y be p(8). Calculate the remainder when 42 is divided by -4 + 14 - 1/y.
9
Calculate the remainder when 38 is divided by (-4)/6 + (-132)/(-9).
10
Let s(h) = -3*h - 6. Let m be s(-5). Suppose n + m = -2*i, 4*n = -i + 3*i + 24. Let u = 22 + i. What is the remainder when 46 is divided by u?
14
Suppose 0 = d - 2*d + 5*j - 2, -d - j + 28 = 0. Let h(y) = -y**2 - 8*y + 1. What is the remainder when d is divided by h(-6)?
10
Let q = -33 - -56. Calculate the remainder when q is divided by 12.
11
Suppose 16 = -0*v + 4*v. Let o = -1 + v. Suppose -o*l = 2*i - 10, -5*i + l - 2*l + 38 = 0. What is the remainder when 13 is divided by i?
5
Let j(f) = -f**2 + 18*f - 19. Calculate the remainder when j(16) is divided by 4.
1
Suppose -4*h + 3*j + 684 = 180, 4*h - 4*j - 508 = 0. What is the remainder when h is divided by 21?
18
Let c = 59 - -48. Let k = c - 72. Calculate the remainder when k is divided by 19.
16
Let q be (-3 - (-6)/2)/1. Suppose v = 2*j - 20, -8 = -4*v - q. Let a(r) = 3*r**2 + 2*r - 2. Calculate the remainder when j is divided by a(-2).
5
Let x(b) = 2*b + 2. Let w be x(0). Suppose 0 = w*j - 7*j + 115. Calculate the remainder when j is divided by 13.
10
Let c(f) = 4*f + 1. What is the remainder when c(9) is divided by (-36)/(4/(-2)) - -1?
18
Let b(r) = -r**2 + 4*r - 1. Let x be b(3). Suppose 4*l = x*l + 10. Calculate the remainder when 13 is divided by l.
3
Let o = 4 - 2. Calculate the remainder when 5 is divided by o.
1
What is the remainder when (-671)/(-6) + (-5)/(-30) is divided by 38?
36
Let t = 61 - 43. Calculate the remainder when 51 is divided by t.
15
Let i(y) = 2 - 49*y - 2. Let g be i(1). Let r = -34 - g. What is the remainder when r is divided by 8?
7
Suppose -5*x + 2*x + 6 = 0. Suppose 4*d - 3*l - 3 = 0, -2*d - 4*l + x = -16. What is the remainder when 5 is divided by d?
2
Calculate the remainder when 33 is divided by 3 - (-468)/33 - 2/11.
16
Let u = -3 - -6. Let p be -1616*((-3)/u + 2). What is the remainder when 4/14 + p/(-28) is divided by 20?
18
Let r(q) = -6*q - 2. Suppose -f - 5 = -1. Let v be r(f). Suppose -g - o = 2*o - 8, -4*o = 2*g - v. What is the remainder when 33 is divided by g?
16
Suppose -3*n + n + 16 = 0. Calculate the remainder when n is divided by 3.
2
Suppose 0 = 4*v - 99 - 77. Calculate the remainder when 174 is divided by v.
42
Suppose 4*g - 3*t = 21, 3*g + 21 = -t + 53. Calculate the remainder when 16 is divided by g.
7
Let s be 232/(-20) + 8/(-20). Let n = -8 - s. Calculate the remainder when 13 is divided by n.
1
Calculate the remainder when -1*44/6*(3 + -6) is divided by 6.
4
Let z(y) = -5*y - 47. What is the remainder when z(-13) is divided by 7?
4
Let m = 103 - 101. Calculate the remainder when 5 is divided by m.
1
Suppose 4*m - 9 + 1 = 0. Calculate the remainder when 3 is divided by m.
1
Let a(b) = -34*b**3 - 2*b**2 + b. Let r be a(1). Let l = 54 + r. Calculate the remainder when 73 is divided by l.
16
What is the remainder when 12 is divided by 1 - (-1 + 5/(-1))?
5
Suppose -g + 25 = 3. Suppose 4*h - 5*a - 70 + g = 0, 0 = -5*h - 3*a + 60. Calculate the remainder when 22 is divided by h.
10
Let m = -18 + 89. Suppose x = -3*u + 48, -m = -3*x + 5*u + 73. Let r(a) = -4*a + 25. Calculate the remainder when x is divided by r(0).
23
Let l(t) = t**2 - 9*t - 14. Calculate the remainder when 111 is divided by l(13).
35
Let j(n) = -n**2 + 8*n - 1. Let k be j(8). Let c be -2*5/2*k. What is the remainder when c/15 + 92/3 is divided by 16?
15
Let b = -21 - -47. Calculate the remainder when b is divided by 8.
2
Let g = -4 - -24. What is the remainder when g is divided by 6?
2
Suppose -u + 34 = 2*i, 5*u + 73 + 4 = 3*i. Let l = 13 - 2. Calculate the remainder when i is divided by l.
8
Suppose -3*l + 5*d = d - 260, -168 = -2*l + 4*d. What is the remainder when l is divided by 32?
28
Suppose 4*j - 21 = -j + 3*z, 0 = 2*j + 5*z - 27. What is the remainder when 8 is divided by j?
2
Let a be 80*3/(3/2). What is the remainder when a/15 + 2/6 is divided by 4?
3
Suppose -2*d + 12 - 4 = 0. Suppose -20 = -5*s + d*s. What is the remainder when 57 is divided by s?
17
Suppose 0 = -3*g + 6*g - 12. Suppose -g*f + 49 = 13. Calculate the remainder when 35 is divided by f.
8
Let j be 2/(-11) - (-590)/(-22). Let c = -43 - -93. Let k = c + j. Calculate the remainder when k is divided by 8.
7
Let y(s) = s + 9. Let j be y(-7). Suppose 4*d - 4 = 12. What is the remainder when 31 + (d - j)/(-1) is divided by 15?
14
Let o(d) = -d**2 + 7*d + 1. Suppose 8 = -v + 40. What is the remainder when v is divided by o(5)?
10
Let n be (-314)/4 + (-3)/(-2). Let f = -51 - n. Calculate the remainder when 49 is divided by f.
23
Let w(h) = -2*h + 2*h + h + 2. What is the remainder when (-4)/3*75/(-10) is divided by w(2)?
2
Calculate the remainder when (-236)/(-9) + -4*3/54 is divided by 9.
8
Let y = 1 + -13. Calculate the remainder when 162/y*4/(-6) is divided by 4.
1
Let z be (3 + -5)*(-3)/2. Suppose 0 = -2*u + 3*j + 24, z*j - 1 = -7. Let m(l) = l**3 + 6*l**2 - 2*l + 4. Calculate the remainder when m(-6) is divided by u.
7
Suppose -m = 4*m - 520. What is the remainder when m is divided by 35?
34
Let g = 7 + 7. Calculate the remainder when (g/21)/(2/117) is divided by 1 + 20 + (2 - 3).
19
Suppose 5*q = 15*q - 120. What is the remainder when 24 is divided by q?
0
Let o(c) = -3*c - 14. Calculate the remainder when o(-6) is divided by -1 + -2*1*-2.
1
Let l be (-5 - 5)*14/5. Let w = l - -56. Suppose 1 + 14 = s. What is the remainder when w is divided by s?
13
Suppose 0 = 2*q + 11 - 45. Calculate the remainder when q is divided by 9.
8
Let h(p) = -2*p + 7. Let a(v) = v**3 - 4*v**2 + 7*v - 4. What is the remainder when a(4) is divided by h(-3)?
11
Let i(k) = -k**3 + 5*k**2 + 2*k - 2. Let o be i(5). Suppose -3*x + 2*x + 2*n = -8, o = 4*x + 4*n. What is the remainder when x is divided by 3?
1
Let j be (-38)/6 + 2/6. Let t(c) = c**3 + 5*c**2 - 9*c - 6. Calculate the remainder when 34 is divided by t(j).
10
Calculate the remainder when (-46)/((-2)/8*2) is divided by 31.
30
Suppose -4 + 45 = h. What is the remainder when h is divided by 16?
9
What is the remainder when 4/(-6) + 232/6 + 2 is divided by 15?
10
Let t = 9 + -10. Let c(i) = -52*i**3 + i. Calculate the remainder when c(t) is divided by 18.
15
Suppose 2*b = 18 + 44. What is the remainder when 60 is divided by b?
29
Let d(i) = -i**3 - 12*i**2 + 10*i - 4. What is the remainder when d(-13) is divided by 18?
17
Let z(l) = l**3 + 3*l**2 + 2*l - 7. What is the remainder when z(3) is divided by 9?
8
Let s = -58 - -81. Calculate the remainder when 43 is divided by s.
20
Let l = -11 - -15. Suppose -46 = -2